{"id":168475,"date":"2025-12-14T12:39:34","date_gmt":"2025-12-14T12:39:34","guid":{"rendered":"https:\/\/globalrealestate-ks.com\/?page_id=168475"},"modified":"2025-12-14T12:49:00","modified_gmt":"2025-12-14T12:49:00","slug":"property-valuation","status":"publish","type":"page","link":"https:\/\/globalrealestate-ks.com\/index.php\/property-valuation\/","title":{"rendered":"Property Valuation"},"content":{"rendered":"\t\t<div data-elementor-type=\"wp-page\" data-elementor-id=\"168475\" class=\"elementor elementor-168475\" data-elementor-post-type=\"page\">\n\t\t\t\t<div class=\"elementor-element elementor-element-b22da82 e-flex e-con-boxed e-con e-parent\" data-id=\"b22da82\" data-element_type=\"container\" data-e-type=\"container\" data-settings=\"{&quot;background_background&quot;:&quot;classic&quot;}\">\n\t\t\t\t\t<div class=\"e-con-inner\">\n\t\t\t\t<div class=\"elementor-element elementor-element-cac7129 elementor-widget elementor-widget-heading\" data-id=\"cac7129\" data-element_type=\"widget\" data-e-type=\"widget\" data-widget_type=\"heading.default\">\n\t\t\t\t<div class=\"elementor-widget-container\">\n\t\t\t\t\t<h2 class=\"elementor-heading-title elementor-size-default\">Vler\u00ebsues t\u00eb Certifikuar t\u00eb Pronave<\/h2>\t\t\t\t<\/div>\n\t\t\t\t<\/div>\n\t\t\t\t\t<\/div>\n\t\t\t\t<\/div>\n\t\t<div class=\"elementor-element elementor-element-3f33071 e-flex e-con-boxed e-con e-parent\" data-id=\"3f33071\" data-element_type=\"container\" data-e-type=\"container\">\n\t\t\t\t\t<div class=\"e-con-inner\">\n\t\t<div class=\"elementor-element elementor-element-31144d7 e-con-full e-flex e-con e-child\" data-id=\"31144d7\" data-element_type=\"container\" data-e-type=\"container\">\n\t\t\t\t<div class=\"elementor-element elementor-element-b827855 elementor-widget elementor-widget-heading\" data-id=\"b827855\" data-element_type=\"widget\" data-e-type=\"widget\" data-widget_type=\"heading.default\">\n\t\t\t\t<div class=\"elementor-widget-container\">\n\t\t\t\t\t<h2 class=\"elementor-heading-title elementor-size-default\">Kush jemi ne?\n\n<\/h2>\t\t\t\t<\/div>\n\t\t\t\t<\/div>\n\t\t\t\t<div class=\"elementor-element elementor-element-4ef826b elementor-widget elementor-widget-text-editor\" data-id=\"4ef826b\" data-element_type=\"widget\" data-e-type=\"widget\" data-widget_type=\"text-editor.default\">\n\t\t\t\t<div class=\"elementor-widget-container\">\n\t\t\t\t\t\t\t\t\t<p>&#8211; Ekip profesional me vler\u00ebsues t\u00eb certifikuar<\/p><p>&#8211; Eksperienc\u00eb n\u00eb vler\u00ebsimin e pronave banesore, komerciale dhe tokave<\/p><p>&#8211; P\u00ebrdorim metodologji t\u00eb standardizuara nd\u00ebrkomb\u00ebtare<\/p>\t\t\t\t\t\t\t\t<\/div>\n\t\t\t\t<\/div>\n\t\t\t\t<\/div>\n\t\t<div class=\"elementor-element elementor-element-3e30d66 e-con-full e-flex e-con e-child\" data-id=\"3e30d66\" data-element_type=\"container\" data-e-type=\"container\">\n\t\t\t\t<div class=\"elementor-element elementor-element-0d09723 elementor-widget elementor-widget-heading\" data-id=\"0d09723\" data-element_type=\"widget\" data-e-type=\"widget\" data-widget_type=\"heading.default\">\n\t\t\t\t<div class=\"elementor-widget-container\">\n\t\t\t\t\t<h2 class=\"elementor-heading-title elementor-size-default\">Sh\u00ebrbimet tona\n\n<\/h2>\t\t\t\t<\/div>\n\t\t\t\t<\/div>\n\t\t\t\t<div class=\"elementor-element elementor-element-306830c elementor-widget elementor-widget-text-editor\" data-id=\"306830c\" data-element_type=\"widget\" data-e-type=\"widget\" data-widget_type=\"text-editor.default\">\n\t\t\t\t<div class=\"elementor-widget-container\">\n\t\t\t\t\t\t\t\t\t<p>&#8211; Vler\u00ebsim i pronave p\u00ebr shitje dhe blerje<\/p><p>&#8211; Vler\u00ebsim p\u00ebr bank\u00eb dhe kredi &#8211; Vler\u00ebsim i d\u00ebmit dhe investimeve<\/p><p>&#8211; Raporte profesionale t\u00eb detajuara<\/p>\t\t\t\t\t\t\t\t<\/div>\n\t\t\t\t<\/div>\n\t\t\t\t<\/div>\n\t\t\t\t\t<\/div>\n\t\t\t\t<\/div>\n\t\t<div class=\"elementor-element elementor-element-3512026 e-flex e-con-boxed e-con e-parent\" data-id=\"3512026\" data-element_type=\"container\" data-e-type=\"container\">\n\t\t\t\t\t<div class=\"e-con-inner\">\n\t\t<div class=\"elementor-element elementor-element-d9354ab e-con-full e-flex e-con e-child\" data-id=\"d9354ab\" data-element_type=\"container\" data-e-type=\"container\">\n\t\t\t\t<div class=\"elementor-element elementor-element-7b6a0f2 elementor-widget elementor-widget-heading\" data-id=\"7b6a0f2\" data-element_type=\"widget\" data-e-type=\"widget\" data-widget_type=\"heading.default\">\n\t\t\t\t<div class=\"elementor-widget-container\">\n\t\t\t\t\t<h2 class=\"elementor-heading-title elementor-size-default\">Pse t\u00eb na zgjidhni ne?<\/h2>\t\t\t\t<\/div>\n\t\t\t\t<\/div>\n\t\t\t\t<div class=\"elementor-element elementor-element-727445a elementor-widget elementor-widget-text-editor\" data-id=\"727445a\" data-element_type=\"widget\" data-e-type=\"widget\" data-widget_type=\"text-editor.default\">\n\t\t\t\t<div class=\"elementor-widget-container\">\n\t\t\t\t\t\t\t\t\t<p>&#8211; Sakt\u00ebsi dhe objektivitet &#8211; Certifikime t\u00eb njohura<\/p><p>&#8211; Afat t\u00eb shpejt\u00eb t\u00eb dor\u00ebzimit t\u00eb raportit<\/p><p>&#8211; Transparenc\u00eb dhe profesionaliz\u00ebm<\/p>\t\t\t\t\t\t\t\t<\/div>\n\t\t\t\t<\/div>\n\t\t\t\t<\/div>\n\t\t<div class=\"elementor-element elementor-element-9e77612 e-con-full e-flex e-con e-child\" data-id=\"9e77612\" data-element_type=\"container\" data-e-type=\"container\">\n\t\t\t\t<div class=\"elementor-element elementor-element-a6ebea9 elementor-widget elementor-widget-heading\" data-id=\"a6ebea9\" data-element_type=\"widget\" data-e-type=\"widget\" data-widget_type=\"heading.default\">\n\t\t\t\t<div class=\"elementor-widget-container\">\n\t\t\t\t\t<h2 class=\"elementor-heading-title elementor-size-default\">Procesi i vler\u00ebsimit\n\n<\/h2>\t\t\t\t<\/div>\n\t\t\t\t<\/div>\n\t\t\t\t<div class=\"elementor-element elementor-element-669d0ab elementor-widget elementor-widget-text-editor\" data-id=\"669d0ab\" data-element_type=\"widget\" data-e-type=\"widget\" data-widget_type=\"text-editor.default\">\n\t\t\t\t<div class=\"elementor-widget-container\">\n\t\t\t\t\t\t\t\t\t<p>1. Mbledhja e t\u00eb dh\u00ebnave<\/p><p>2. Analiza e tregut<\/p><p>3. Inspektimi i pron\u00ebs<\/p><p>4. P\u00ebrgatitja e raportit<\/p><p>5. Dor\u00ebzimi dhe konsulta<\/p>\t\t\t\t\t\t\t\t<\/div>\n\t\t\t\t<\/div>\n\t\t\t\t<\/div>\n\t\t\t\t\t<\/div>\n\t\t\t\t<\/div>\n\t\t<div class=\"elementor-element elementor-element-d5470a2 e-flex e-con-boxed e-con e-parent\" data-id=\"d5470a2\" data-element_type=\"container\" data-e-type=\"container\">\n\t\t\t\t\t<div class=\"e-con-inner\">\n\t\t<div class=\"elementor-element elementor-element-7eba201 e-con-full e-flex e-con e-child\" data-id=\"7eba201\" data-element_type=\"container\" data-e-type=\"container\">\n\t\t\t\t<div class=\"elementor-element elementor-element-c25a7cd elementor-widget elementor-widget-heading\" data-id=\"c25a7cd\" data-element_type=\"widget\" data-e-type=\"widget\" data-widget_type=\"heading.default\">\n\t\t\t\t<div class=\"elementor-widget-container\">\n\t\t\t\t\t<h2 class=\"elementor-heading-title elementor-size-default\">Kontakti<\/h2>\t\t\t\t<\/div>\n\t\t\t\t<\/div>\n\t\t\t\t<div class=\"elementor-element elementor-element-0587797 elementor-widget elementor-widget-text-editor\" data-id=\"0587797\" data-element_type=\"widget\" data-e-type=\"widget\" data-widget_type=\"text-editor.default\">\n\t\t\t\t<div class=\"elementor-widget-container\">\n\t\t\t\t\t\t\t\t\t<p>Global Real Estate &#8211; <strong>Tel:<\/strong> +383 45 511 770 <strong>Email:<\/strong> info@globalrealestate-ks.com <strong>Web:<\/strong> www.globalrealestate-ks.com<\/p>\t\t\t\t\t\t\t\t<\/div>\n\t\t\t\t<\/div>\n\t\t\t\t<\/div>\n\t\t\t\t\t<\/div>\n\t\t\t\t<\/div>\n\t\t\t\t<\/div>\n\t\t","protected":false},"excerpt":{"rendered":"<p>Vler\u00ebsues t\u00eb Certifikuar t\u00eb Pronave Kush jemi ne? &#8211; Ekip profesional me vler\u00ebsues t\u00eb certifikuar &#8211; Eksperienc\u00eb n\u00eb vler\u00ebsimin e pronave banesore, komerciale dhe tokave &#8211; P\u00ebrdorim metodologji t\u00eb standardizuara nd\u00ebrkomb\u00ebtare Sh\u00ebrbimet tona &#8211; Vler\u00ebsim i pronave p\u00ebr shitje dhe blerje &#8211; Vler\u00ebsim p\u00ebr bank\u00eb dhe kredi &#8211; Vler\u00ebsim i d\u00ebmit dhe investimeve &#8211; Raporte [&hellip;]<\/p>\n","protected":false},"author":1,"featured_media":0,"parent":0,"menu_order":0,"comment_status":"closed","ping_status":"closed","template":"elementor_header_footer","meta":{"_joinchat":[],"footnotes":""},"coauthors":[104],"class_list":["post-168475","page","type-page","status-publish","hentry"],"_links":{"self":[{"href":"https:\/\/globalrealestate-ks.com\/index.php\/wp-json\/wp\/v2\/pages\/168475","targetHints":{"allow":["GET"]}}],"collection":[{"href":"https:\/\/globalrealestate-ks.com\/index.php\/wp-json\/wp\/v2\/pages"}],"about":[{"href":"https:\/\/globalrealestate-ks.com\/index.php\/wp-json\/wp\/v2\/types\/page"}],"author":[{"embeddable":true,"href":"https:\/\/globalrealestate-ks.com\/index.php\/wp-json\/wp\/v2\/users\/1"}],"replies":[{"embeddable":true,"href":"https:\/\/globalrealestate-ks.com\/index.php\/wp-json\/wp\/v2\/comments?post=168475"}],"version-history":[{"count":4,"href":"https:\/\/globalrealestate-ks.com\/index.php\/wp-json\/wp\/v2\/pages\/168475\/revisions"}],"predecessor-version":[{"id":168479,"href":"https:\/\/globalrealestate-ks.com\/index.php\/wp-json\/wp\/v2\/pages\/168475\/revisions\/168479"}],"wp:attachment":[{"href":"https:\/\/globalrealestate-ks.com\/index.php\/wp-json\/wp\/v2\/media?parent=168475"}],"wp:term":[{"taxonomy":"author","embeddable":true,"href":"https:\/\/globalrealestate-ks.com\/index.php\/wp-json\/wp\/v2\/coauthors?post=168475"}],"curies":[{"name":"wp","href":"https:\/\/api.w.org\/{rel}","templated":true}]}}